
Suppose -4*m + 44779 = -q, 4*m + 4*q - 11913 = 32851. What are the prime factors of m?
2, 29, 193
Let p = 61 - 58. Suppose -21 = p*c - 225. List the prime factors of (119/c)/(2/64*1).
2, 7
Let h = 1632 + -145. What are the prime factors of h?
1487
Let d = 607 - -18231. List the prime factors of d.
2, 9419
Let y(x) = -1069*x**2 + 2*x - 2. Let v be y(1). Let f = v - -77. What are the prime factors of (f/11 - 2/(-11))*-1?
2, 3, 5
What are the prime factors of (4500/10)/15*509?
2, 3, 5, 509
Let p = -38 + 99. Let f = p - 62. What are the prime factors of (f + 2)*263 + -3 + 0?
2, 5, 13
Let g be 14*13/((-546)/(-564)). Let q = 577 - g. What are the prime factors of q?
389
Suppose 607*g + 3504 = 611*g. List the prime factors of g.
2, 3, 73
What are the prime factors of ((-56)/4 + 190)*(-378)/(-3)?
2, 3, 7, 11
Let t(d) = 400*d**2 - 4*d + 4. Suppose 2*y - 5*m - 25 = -3*y, -3*m - 16 = -4*y. List the prime factors of t(y).
2, 5
What are the prime factors of 28/154 + 12999960/330?
2, 19697
Suppose -219*z + 379683 = 89*z - 700165. What are the prime factors of z?
2, 1753
Suppose 0 = -92*p + 86*p. Suppose 9*r + 6*r - 4380 = p. List the prime factors of r.
2, 73
Let p(y) = -84*y + 417. Let v be p(-11). Let b = v + -483. List the prime factors of b.
2, 3, 11, 13
Let m = -729 - -753. Suppose 14*w + 13800 = m*w. List the prime factors of w.
2, 3, 5, 23
Suppose 9 = 9*b - 9. What are the prime factors of b*(-9)/3 + 258?
2, 3, 7
Let k(x) = x**2 + 9*x - 7. Let m be k(-10). Let r(q) = 51*q**3 - 3. Let p(o) = 1. Let a(b) = m*p(b) + r(b). List the prime factors of a(1).
3, 17
Let x(b) = 2465*b + 95. Let s be x(4). What are the prime factors of (5/(-25))/((-11)/s)?
181
Let o = 23 - 13. Suppose o*g - 2*g = 24. Suppose 5*i = g*i + 106. What are the prime factors of i?
53
Let m be 152/(-3)*3/(-2). Let v be m + (-9 - -9)/(1 + -4). Let k = 5 + v. What are the prime factors of k?
3
Suppose 337 - 361 = -2*c. Let l(m) = m**3 - 9*m**2 - 18*m - 24. What are the prime factors of l(c)?
2, 3
Suppose 9 + 8 = 5*o - 4*l, 0 = 4*o - l - 18. Suppose -603 = -4*v - o*b + 467, v + b = 268. What are the prime factors of v?
2, 3, 5
Let d be -818*(-5)/((-15)/(-12)). What are the prime factors of (-12)/(-8)*d/12?
409
Let o be (37 + -4)*5/5. Let l = 35 - o. Let t(b) = 38*b**2 - 2. List the prime factors of t(l).
2, 3, 5
Let t be 8/(-28)*1*-21. Suppose t*i - 4689 + 183 = 0. List the prime factors of i.
751
Let d = 15465 - -6331. List the prime factors of d.
2, 5449
Let u(n) = -22*n**3 + 3*n**2 - n - 2. Let f be u(-1). Let r = 4 - 0. Let x = r + f. What are the prime factors of x?
2, 7
Let f(q) = -33*q + 1925. What are the prime factors of f(0)?
5, 7, 11
Suppose 0 = -g + m - 20, 56 = 5*g - 8*g + 4*m. List the prime factors of ((-94)/(-8))/(g/(-672)).
7, 47
Suppose 0 = -0*t + 9*t - 36. Suppose w = t*w - 258. Suppose -w - 258 = -3*s - r, 2*s - 5*r - 201 = 0. List the prime factors of s.
113
Suppose -2*c + 2 = 0, -3*c + 149 = 4*i - 2*c. Let t = 141 - i. What are the prime factors of t?
2, 13
Suppose 0 = -3*b + 3388 + 7388. What are the prime factors of b?
2, 449
Suppose -21 = -2*s - s - h, -2*s - 2*h = -18. Suppose s*w + 0*w = -30. Let q(b) = -2*b + 3. What are the prime factors of q(w)?
13
Let g = 470 + -271. Suppose -2*t - g = -t. Let x = 293 + t. List the prime factors of x.
2, 47
Suppose 0 = 6*m - 94 - 146. Let l = 50 - m. Let y(r) = 2*r**2 + 7*r - 35. What are the prime factors of y(l)?
5, 47
Suppose 4*c - 7 = 1. Suppose -p = h + c*h + 8, -2*p - 2 = -h. List the prime factors of 32/h*(12 - 13).
2
Suppose 0*d + 49537 = 7*d + 2609. List the prime factors of d.
2, 419
Suppose 3*a - t + 0*t - 9748 = 0, -a = -2*t - 3246. Suppose -a = -3*w - w + 3*y, -4*y - 2441 = -3*w. List the prime factors of w.
811
What are the prime factors of (156/16)/13 + 2/((-16)/(-108826))?
2, 19, 179
List the prime factors of (57/(-6)*-2)/((144/(-927))/(-16)).
19, 103
Let g(h) = -2*h**3 - 7*h**2 + 3*h. Let z be 2 + -1 - (-4 - -24)/4. Let i be g(z). Suppose -i*a - 164 = -8*a + c, -a + 4*c = -56. List the prime factors of a.
2, 5
Suppose 3*x = -3*k + 8*x + 135, -x + 90 = 2*k. Suppose k*b = 34*b + 946. List the prime factors of b.
2, 43
Let v(t) = -2*t - 25. Let h be v(-18). Suppose -11 = -r + h. Suppose -3*u + 373 = -5*b, -3*u = 2*b - r - 316. List the prime factors of u.
2, 29
Let p = -22 + 27. Let b(r) = 118*r - 85. What are the prime factors of b(p)?
5, 101
Let t = -6 - -10. Suppose 5 = t*m - 3. Let i = m - -75. List the prime factors of i.
7, 11
Let b(p) = -12781*p - 20054. What are the prime factors of b(-7)?
41, 1693
What are the prime factors of 412686/63 - 1*(-3)/7?
6551
Let f = -238 + 236. What are the prime factors of (328/(-205))/(f/960)?
2, 3
Let n = -763 + 770. Let x(m) = m**3 + 14*m**2 + 17*m - 96. What are the prime factors of x(n)?
2, 263
Let v = -32 + 36. Suppose 5*w = o + 26, -w + 56 = -v*o + 3*w. Let p = 1 - o. List the prime factors of p.
2, 3
Suppose -18 = -3*k - 6*k. Suppose b - 805 = 3*a, k*b = a - 0*b + 275. List the prime factors of (-4)/6*1*a/2.
89
Let j(z) = 1400*z - 1088. List the prime factors of j(24).
2, 127
Let v be 19/4 + 1/4. Suppose 4*i + 288 = 12*i. Suppose -v*j + i = -79. List the prime factors of j.
23
Let p(w) = -17*w**3 - 4*w**2 + 37*w + 2052. Let o(n) = 12*n**3 + 3*n**2 - 25*n - 1368. Let g(q) = 7*o(q) + 5*p(q). What are the prime factors of g(0)?
2, 3, 19
Let n(h) = h**3 + 4*h**2 + h + 5. Let q be n(-3). Suppose 18 - 6728 = -q*o. What are the prime factors of o?
2, 5, 61
Let u(b) = -474*b + 215. List the prime factors of u(-30).
5, 2887
Let b = 613 + -581. Suppose -b*i + 29825 = -7*i. What are the prime factors of i?
1193
Let g = 32 + -24. Suppose 0*b + g*b = 520. What are the prime factors of b?
5, 13
Let m(a) = a**2 + 7*a + 10. Let j be m(-2). Suppose j = 6*l + 191 - 2807. List the prime factors of l.
2, 109
Let f(p) = -p**2 + 14*p + 88. Let m be f(19). Let y(b) = -33*b + 21. What are the prime factors of y(m)?
2, 3, 7
Suppose -r - 607 = j, -2553 = 4*j + 5*r - 120. Let n = j + 407. Let t = n + 292. What are the prime factors of t?
97
Let i(z) = 11*z**3 - 7*z**2 - z - 1. Suppose 4*l = -3*a - 8, 9*a - l - 25 = 4*a. What are the prime factors of i(a)?
587
Let g = -66 - -81. Suppose 2*w = -n + 816, 5 - g = -5*n. What are the prime factors of w?
11, 37
Let i = 42 + -104. Let z = i + 75. Suppose z*f - 9*f = 180. What are the prime factors of f?
3, 5
Let v(i) be the third derivative of 4*i**5/15 - i**4/24 + 5*i**3/3 - 66*i**2. List the prime factors of v(-3).
157
List the prime factors of (-16)/7*3579702/(-696).
2, 2939
Let d(t) = -1217*t**3 + 51*t**2 + t - 4. What are the prime factors of d(-2)?
2, 4967
Suppose -3*q - 4930 = -5*f + 3*f, -5*f + 12292 = -2*q. What are the prime factors of f?
2, 307
Let w = -148 + 153. Suppose -5*s + 4380 = 5*r, -w*s + 2636 = 6*r - 3*r. List the prime factors of r.
2, 109
Let r = 863 + 9357. List the prime factors of r.
2, 5, 7, 73
Suppose -a = 4*n - 2*a - 12, -5*a - 12 = -4*n. Suppose n*z = 33 + 897. Suppose 15*b + z = 17*b. List the prime factors of b.
5, 31
Let a be -97*(((-15)/1 - 0) + 4). Suppose -h = -13*o + 9*o + a, -h + 1327 = 5*o. List the prime factors of o.
2, 7, 19
Suppose -5*b + 22355 = 15*j - 10*j, 2 = -j. What are the prime factors of b?
3, 7, 71
Let m = 16694 - -7342. What are the prime factors of m?
2, 3, 2003
Suppose 20*l - 20*l - 13*l + 192543 = 0. List the prime factors of l.
3, 4937
Suppose 0 = -d + 369 + 1168. Suppose -7*v = -y - 3*v + 1546, -y + v + d = 0. What are the prime factors of y?
2, 13, 59
Let u = 21735 + -13221. List the prime factors of u.
2, 3, 11, 43
What are the prime factors of 32/(-112) - 1764632/14*1/(-4)?
31511
Suppose 4*c + 30498 + 25346 = 4*z, -3*c = 3*z - 41913. List the prime factors of z.
2, 6983
Suppose 2*a = 5*c + 2239, 8*a = 13*a - 4*c - 5623. Suppose -2*w = 44*k - 40*k - 440, 5*w + k - a = 0. What are the prime factors of w?
2, 113
Let n = -726 - -728. Suppose w - 4*r = 637, -3*w - n*r = -801 - 1124. What are the prime factors of w?
641
Suppose -4*m + 440 = 6*m. Let s = m + 114. Let p = -19 + s. What are the prime factors of p?
139
Let s = 35 - -64. List the prime factors of (s/15 - -2)*5.
43
Suppose 3*c - 4*o + 420 = 5*c, -2*o = -6. What are the prime factors of c?
2, 3, 17
Let w(x) = -2*x**3 + 6*x**2 - x